ctors of k.
2
Let d(w) = -w**2 - 17*w - 5. List the prime factors of d(-11).
61
Let u(l) = 2*l**2 + 2*l + 4. Let s(f) = -f - 3. Let n be s(0). What are the prime factors of u(n)?
2
Suppose 0 - 4 = 2*z. Let l be (-160)/8*z/(-2). Let b = -7 - l. List the prime factors of b.
13
Let q(s) = -6*s**3 - 2*s**2 - 2*s - 1. List the prime factors of q(-1).
5
Suppose -6*a - 7 = -5*a. Let d(r) = r**2 + 4*r - 4. What are the prime factors of d(a)?
17
Let q(d) = -d**2 + 11*d - 7. List the prime factors of q(5).
23
Let i be 1 - (-1 - (2 - 6)). Let q = 1 - i. List the prime factors of q.
3
What are the prime factors of 6/4 + -1 - 126/(-4)?
2
Let v(u) = u**2 + 2*u + 1. Let d = -2 + 1. Let m be v(d). Suppose 5*s + 0*s - 65 = m. List the prime factors of s.
13
Let d = -6 + 21. List the prime factors of d.
3, 5
Let p be (0 - 1)/(1/(-4)). Suppose 5*x = 3*o + 53, 0 = -p*x - o + 3*o + 44. List the prime factors of x.
13
List the prime factors of (16/10)/((-8)/(-100)).
2, 5
Let m be 2/(-4)*60/(-2). Let w = 2 + m. What are the prime factors of w?
17
Suppose 2*u = -0*u + 2. List the prime factors of 220/4*u - 3.
2, 13
Suppose 165 - 1 = 2*p. List the prime factors of p.
2, 41
Let u(g) = g**3 - 8*g**2 + 8*g - 4. Let p be u(7). Suppose 5*d - p = 7. What are the prime factors of d?
2
Let n be 3 + 0/((-2)/(-2)). Suppose u = 0, -26 = n*l + 3*u - 2. Let v = 7 - l. List the prime factors of v.
3, 5
Let b(o) = -o**2 + 4*o + 3. Let v be b(-2). Let u(h) = h**2 + 3*h + 1. What are the prime factors of u(v)?
5, 11
Let c(b) = b**3 - 5*b**2 + 2*b - 7. Let h(d) = -2*d - 11. Let o be h(-8). List the prime factors of c(o).
3
Suppose -w = -3*w - 2. What are the prime factors of 12 + w + (2 - 3)?
2, 5
Suppose 7*n - 283 = 319. What are the prime factors of n?
2, 43
Let t = 19 + 3. Suppose -y - 8 = -o, -3*o = -y - 3*y - t. Suppose o - 25 = -5*u. What are the prime factors of u?
3
Suppose -2*a = -6*a + 800. Suppose 5*y - a + 5 = 0. What are the prime factors of y?
3, 13
Let c(i) = i**2 + i + 12. Suppose -12 = -2*k + 6*k. Let z be -1*(k - (-3)/1). What are the prime factors of c(z)?
2, 3
Suppose 5*m + 9 = 3*d, -5*m = 4*d - 3*d - 23. What are the prime factors of d?
2
Suppose 4*c = -2*h - 18, 12 = c - 8*h + 3*h. List the prime factors of 2/(-6) - 43/c.
2, 7
List the prime factors of 20/10*30/4.
3, 5
Let d(b) = -b**2 - 7*b + 2. Let p be d(-5). List the prime factors of ((-136)/p)/((-4)/6).
17
List the prime factors of -111*3/(-9) - 1.
2, 3
Let l = 2 + -1. Suppose -9 = -2*a + l. What are the prime factors of a/((-75)/6)*-30?
2, 3
Let j = 21 - -3. What are the prime factors of j?
2, 3
Let w = -10 - -10. Suppose 2*o - 4*g = 16, w*g = -5*o - g + 73. List the prime factors of o.
2, 7
What are the prime factors of (186/9)/(4/6)?
31
Let o(p) = -12*p + 1 + 5 - 2 - 1. List the prime factors of o(-4).
3, 17
Let s(v) = v**3 + v**2 + 3. Let g be s(0). Suppose 4 - 5 = -g*d - 5*b, 5*d + 9 = -3*b. List the prime factors of (-6)/4*10/d.
5
Let f(o) = 3*o**2 - 10*o - 3. Suppose -4*v = -6*v + 8. Let q(t) = -4*t**2 + 11*t + 4. Let k(p) = v*q(p) + 5*f(p). List the prime factors of k(-5).
2, 3
Suppose -12*b + 32 = -11*b. List the prime factors of b.
2
Suppose -5*g + p + 35 = -14, 5*p = g - 29. Suppose -2*i - 4*n + 32 = 0, i - 4*n - g = 7. List the prime factors of i.
2
Let i be ((-1)/(-2))/(3/6). Suppose -41 - i = -3*p. What are the prime factors of p?
2, 7
Let v(w) = w**2 + 6*w - 6. Let a = 10 - 18. What are the prime factors of v(a)?
2, 5
Let p(r) = 2*r - 4*r + 3*r + 7. Let w be p(-8). Let g = w - -4. What are the prime factors of g?
3
Let t(s) = s - 2. Let f be t(3). Let h be f + (-3)/((-6)/16). List the prime factors of (1 + h)/(2 - 1).
2, 5
Let n = 142 + -88. Suppose 0 = 2*b - c - n, -3*b - 4*c = -4*b + 41. List the prime factors of b.
5
Let k(t) = -9*t + 4. Let b be k(4). Let f = -22 - b. What are the prime factors of f?
2, 5
Suppose 38 - 168 = -n. What are the prime factors of n?
2, 5, 13
Let i(n) = -2*n + 16. Let w(y) = y - 8. Let t(m) = 4*i(m) + 9*w(m). Let v be t(8). Suppose -7*l + 3*l + 40 = v. What are the prime factors of l?
2, 5
Let a(o) = o**2 - o - 4. Let w be a(-3). Suppose 3*m - w = 4. What are the prime factors of m?
2
Suppose -4*k + 8*k - 288 = 0. List the prime factors of k.
2, 3
Let s = -622 + 889. What are the prime factors of s?
3, 89
Suppose 0 = -5*i - 4*u + 13, -4*u + 14 = 4*i + u. Suppose -11 = -3*n - 2*o, 4*n + 2*o - i = 17. Let w(f) = f + 3. What are the prime factors of w(n)?
2, 5
Let r be 13 + -1 + 1*4. Let z = r - 7. List the prime factors of z.
3
What are the prime factors of 12/(-3)*(-18)/4?
2, 3
Suppose 2*a = 2 + 2. List the prime factors of a.
2
Suppose -r + x + 73 = 0, 4*x + 17 = -3*r + 201. Let d be 2/(-8) - r/(-16). Suppose -27 = -d*n + 17. What are the prime factors of n?
11
Let u(n) = -n**2 + 108. List the prime factors of u(0).
2, 3
Suppose -c - 2*c = -21. Let t = c + -4. Let q = 9 - t. List the prime factors of q.
2, 3
Suppose 5*i + 21 = 1. Let x(o) = -o**3 - 3*o**2 + 3*o + 6. What are the prime factors of x(i)?
2, 5
Let m(r) = -r**2 + 3*r + 4. Let c(t) = 4*t + 2*t + 8 + t**2 - 3*t**2. Let v(f) = 4*c(f) - 9*m(f). What are the prime factors of v(5)?
2, 3
Suppose -2*l + 84 = -0*l. Let d = l + -16. What are the prime factors of d?
2, 13
Suppose 3*s - 5*o - 164 = 68, -3*o + 348 = 4*s. What are the prime factors of s?
2, 3, 7
Suppose 5*a - 146 = 184. What are the prime factors of a?
2, 3, 11
Suppose 2*m = -a + 162, 2*m = -0*m - 4*a + 174. List the prime factors of m.
79
Let g be (-1026)/(-95) - 4/5. Let w(a) = -a**3 + 2*a**2 - 2. Let l be w(-2). Suppose -g - l = -4*s. What are the prime factors of s?
2, 3
Let f = 0 + 22. Suppose 3*u + 31 = 4*i, 5*i - 2*i - f = 2*u. Let g = i - -1. What are the prime factors of g?
5
Let r = 30 + -15. What are the prime factors of r?
3, 5
Let k be 5/3 - 2/3. Let a = k - -10. Suppose 0*i + a = i. What are the prime factors of i?
11
Suppose 176 = 4*r - 5*w - 144, -2*w - 160 = -2*r. List the prime factors of r.
2, 5
Let k(l) = -3*l**3 - l**2. Suppose -4*i + i = 6. Let u be k(i). Suppose u = 5*t - t. What are the prime factors of t?
5
Let b = 164 + -108. What are the prime factors of b?
2, 7
Let k = 11 + -19. Let v = k - -14. List the prime factors of v.
2, 3
List the prime factors of 2/(5/(-4 + 39)).
2, 7
Suppose -p + 5 = -k, 5*p - 3*p = k + 6. Let o(h) = h**2 + 4*h + 3. What are the prime factors of o(k)?
3
Let b(m) = m**3 - 9*m**2 + 7*m + 8. Let j be b(8). Suppose j*t - 2*t = -12. List the prime factors of t.
2, 3
Let d = 8 - 9. What are the prime factors of (-48)/(-4) - 2*d?
2, 7
Let u(h) = -h**3 + 5*h**2 - 3. Let j be u(5). Let m be ((-11)/j)/(3/(-9)). Let c = 19 + m. What are the prime factors of c?
2
Let w be 12/8*2*1. Suppose 3*i = 4*b - 3, -b + w = -0. Suppose 4*o = -i*l + 8, -8 = -4*o - 5*l - 0. What are the prime factors of o?
2
List the prime factors of (1/(-1) - -2)*(-175)/(-1).
5, 7
Suppose 2*y - 4*y = -6. Suppose 26 = q - 5*r, q + 0*q + 4*r + 19 = 0. Let o = y - q. What are the prime factors of o?
2
Let l = 7 + -4. List the prime factors of (-4 - -2) + l - -10.
11
Let p be -2 + 5/((-5)/16). Let i = p + 35. What are the prime factors of i?
17
Suppose -291 = -7*u + 850. What are the prime factors of u?
163
Let n be 3/21 + (-876)/(-42). List the prime factors of 2/7 + 1128/n.
2, 3
Let v(w) = -w**2 + 11*w - 12. Let z be v(9). List the prime factors of (-92)/(-28) + z/(-21).
3
Suppose -4*j + 42 = -2*t, j = 3*j - 6. Let l = t - -26. What are the prime factors of l?
11
Suppose 2*o + 18 = -6. Let k be ((-21)/(-12) - 1)*o. What are the prime factors of (5 + -3)/((-2)/k)?
3
Let c(m) = -m**2 - 5*m + 4. Let l be c(-3). Suppose 0 = 2*b - l, -b = -5*k + 4*b - 35. What are the prime factors of 1/k*2 - -13?
2, 3
Let f = 5 - 3. What are the prime factors of f?
2
Let h = 1 - -10. List the prime factors of h.
11
Let w(n) = 12*n**2 - 1. What are the prime factors of w(-1)?
11
Suppose o = 2*w - 0*o - 11, -5*w + 4*o = -32. Suppose 12 = 4*f - w. Suppose 2*d = -v + 13, 0*d + f*d - 29 = -v. What are the prime factors of d?
2
Suppose 2*j = 5*a - j - 23, 0 = 5*a + 3*j - 17. Let h(i) = -i**3 + 6*i**2 - 6*i + 2. List the prime factors of h(a).
2, 5
Let i(u) = -2*u**2 - 2*u - 1. Let j be i(-1). Let y(w) = 2*w**2 - w. Let h be y(j). Suppose 4*o = h*o + 7. What ar